erivative of -u**7/840 - u**6/72 - u**5/40 - u**3/3 - 2*u. Let c(y) be the second derivative of d(y). Calculate c(-2).
-6
Let m(t) = 5*t**3 + 4*t**2 + 2*t + 2. Let i(z) = z**3 + z**2 + z. Let a(w) = 4*i(w) - m(w). Determine a(2).
-6
Let d(w) be the third derivative of w**5/60 - w**3/6 - 4*w**2. Determine d(0).
-1
Let b(a) = 8*a + 3. Let y(p) = p + 2. Let f(t) = -b(t) + 2*y(t). Let o be (-6)/(-4) + 1/(-2). Determine f(o).
-5
Let w(g) = -2*g + 1. Suppose 5*j + 63 = 3*u, -2*u = j - 7*u + 17. Let h be (-16)/j*9/(-6). Calculate w(h).
5
Let d(v) = -2*v - 12. Suppose o + 0 + 2 = 3*c, 2*o - c + 14 = 0. Calculate d(o).
4
Suppose 5*y - 8 = 4*k, -4*k = -3*y - 1 + 9. Let v(i) = -i**3 - 2*i**2 + 2*i + 3. Determine v(k).
-1
Suppose 8*s + 6*s = -56. Let t(n) = -n**3 - 4*n**2. What is t(s)?
0
Let v(r) be the second derivative of -2*r**3/3 - r**2/2 + 2*r. Let b(a) = -a. Let s(d) = -3*b(d) + v(d). Calculate s(-3).
2
Let o(i) = -4*i. Let p be 6/(-12) - (-11)/2. Suppose -p*b + 3*b = 0. Suppose -5*g + 5 = 5*z, b*z + 1 = z - g. Give o(z).
-4
Let s(b) = -3*b**2 + 16*b + 21. Let l(j) = 5*j**2 - 24*j - 32. Let u(o) = -5*l(o) - 8*s(o). What is u(-6)?
4
Suppose 0*r = -2*r - 12. Let d = 4 + r. Let b(p) be the first derivative of -2*p**3/3 + p**2 + p - 3. Determine b(d).
-11
Let g(x) = 0*x**2 + x**2 - x**2 - 2*x**2 + 3 + 3*x. Calculate g(-2).
-11
Let g = 12 + 0. Let f(q) = -6*q + 0 - 1 + g*q - 2*q**2. Determine f(4).
-9
Let o(w) be the third derivative of w**4/24 + 4*w**3/3 + 8*w**2. What is o(-8)?
0
Suppose -3*f = f. Let k(q) be the third derivative of -1/60*q**5 - 1/60*q**6 + q**2 + 0*q + 0 + f*q**3 + 1/24*q**4. Give k(1).
-2
Let f(u) be the second derivative of 1/6*u**3 + 0 - 3/2*u**2 + u + 1/12*u**4. Let m(v) be the first derivative of f(v). What is m(-2)?
-3
Let m(v) = 5 - v - 2 - 2 + 5. Suppose -3*g = 16 - 40. Let n = g + -4. Give m(n).
2
Let k(p) = -14*p - 7. Let z(b) = -9*b - 5. Let t(r) = -5*k(r) + 8*z(r). Suppose -f + 3 = 0, -d + 4*f = -4*d + 72. Suppose 2*w + d = -3*w. Calculate t(w).
3
Suppose -g = -7*g - 36. Let h(l) = 3*l**2 - l**3 - 9*l**2 - 4 + 0*l**2. Determine h(g).
-4
Let l(i) = i. Let w(q) = -q. Let m(z) = l(z) + 6*w(z). Let f be (-1)/3*0 + -1. Determine m(f).
5
Let c(f) = -7*f**3 - 2*f**2 + 1. Let w(j) = j**3 + 2*j**2 + 3 + 2 - 5*j**2 + 0 - 5*j. Let x be w(4). Give c(x).
-8
Let m(o) = 2*o**2 - 7 - o**2 + 3. Let z = -24 + 25. Let q be -1*(0 + 3)/z. Give m(q).
5
Let n(l) = -16*l - 90. Let x be n(-6). Let z(y) = 3 + 4*y**2 - 2 - y**3 + 2*y**2. Calculate z(x).
1
Let x(w) = -16*w + 3 + 0 + 3 - 5. Give x(1).
-15
Let p be (-4)/10 + 21/15. Let l(w) be the third derivative of -2*w**2 - 1/12*w**4 + 0 + 1/6*w**3 + 0*w + 1/60*w**5. Calculate l(p).
0
Let w(s) = 3*s + 2. Let l(k) = 2*k + 1. Let m(v) = -7*l(v) + 6*w(v). Let g(c) = -c - 1. Let y(q) = 3*g(q) + m(q). Give y(0).
2
Let j(p) = -p - 1. Let u = 10 + -6. Suppose 5*y - 9 = 2*y. Suppose c + u = 0, -2*c + 6*c + 31 = -y*q. Give j(q).
4
Let b(f) = -f + 1. Let i be b(1). Let h = 1 + i. Let r(u) be the first derivative of -3*u**4/2 - u**3/3 - 1. Determine r(h).
-7
Let k be 6*(8/(-10) + 110/75). Let y(l) be the second derivative of -1/3*l**3 - 3*l + 0 - 1/20*l**5 + 1/12*l**k + 3/2*l**2. Give y(2).
-5
Let u(b) = b**3 - b**2 - b + 1. Let r be u(0). Let l be 4/(4 + -1 - r). Let a(f) = 2*f + 6 - l + 0*f + 2. Calculate a(-6).
-6
Suppose -f = -5*j - 2, 14 = -2*j - 4*f - 0*f. Let x(u) = -22*u**2. Let b(k) = 0 + 0 + 7*k**2. Let i(c) = -20*b(c) - 6*x(c). Give i(j).
-8
Let h(w) = -w - 5. Suppose 40 = -4*q - 2*a, 0 = 3*q - 5*q + 5*a - 20. What is h(q)?
5
Let m(v) = v + 2. Let p be m(3). Let u(f) = -f**2 + 3*f - 6. Determine u(p).
-16
Let o(k) = k + 2. Let n(w) = 1. Let l(a) = n(a) - o(a). What is l(4)?
-5
Let j(p) = p - 7. Suppose -2*i - 3*s = -21, 4 + 5 = -i + 5*s. Determine j(i).
-1
Suppose 0 = 5*l + 3*w - 0*w + 16, -w + 3 = 0. Let k(f) = -12*f - 9. Let d(g) = -8*g - 6. Let s(j) = l*k(j) + 7*d(j). Calculate s(-2).
-5
Let a = 94 - 100. Let i(s) = s - 2. Give i(a).
-8
Let n be ((-6)/15)/(1/(-5)). Let z(f) = -3*f**3 - 5*f**3 + 5*f**3 - 5*f**n + 8 + 2*f**3 + 8*f. What is z(-6)?
-4
Let w(b) = b**2 - 5*b. Suppose -7*k + 3*k = -4, -4*k = 2*o - 4. Let x be 4/(12/15) - o. What is w(x)?
0
Let s = -236 + 238. Let o(g) be the first derivative of 1 - 2/3*g**3 - 2*g + g**2 + 1/4*g**4. Calculate o(s).
2
Let s(f) = 2*f**2 - 2*f - 3. Let r(u) = 6*u + 46. Let d be r(-7). Determine s(d).
21
Let l(v) = -15*v + 1 - 3*v**2 + v**3 + 2*v**2 + 35*v - 21*v. Calculate l(2).
3
Let p(y) = -3*y**3 - 2*y**2 - 4*y - 5. Let d(m) = -5*m**3 - 4*m**2 - 7*m - 9. Let j(t) = -4*d(t) + 7*p(t). Determine j(3).
-8
Suppose 0 = 2*a - 3*a. Suppose 3*r + 7 = -2*b - 0*r, -4*r + 2 = -3*b. Let z be (b - -1)/(-1)*a. Let c(q) = q - 5. Determine c(z).
-5
Let f(n) = -3*n**2 - 2*n + 1. Suppose -j + 14 = -m + 2*j, -5 = -j. Determine f(m).
-4
Let h(a) = -3 - 6*a**2 - 6 + 2 - a**3 - 7*a. Let g be h(-5). Let r(q) = -q - 1. What is r(g)?
-4
Let l(t) be the second derivative of t**5/20 - t**3/2 - 2*t**2 + 10*t. Calculate l(3).
14
Let q(f) = -12*f**3 - f**2 + f - 1. Let d(a) = -a**3 - 5*a**2 - 6*a - 6. Let w be d(-4). Suppose 0 = -4*t - i + 4, 5*i + 3 = 5*t - w. What is q(t)?
-13
Let o(g) = -g**2 + 3. Let w be 8/(-20) + (-6)/10. Let a(d) = -d. Let c(h) = w*o(h) + 3*a(h). Determine c(-2).
7
Let w(h) be the second derivative of 2*h**3/3 - 10*h. Give w(3).
12
Let d(c) = 4*c**3 + 13*c**2 + 13*c - 5. Let l(x) = -2*x**3 - 6*x**2 - 6*x + 2. Let h(s) = 3*d(s) + 7*l(s). Suppose 0 = -0*i + 3*i + 6. Give h(i).
9
Let k(g) = -5*g - 6. Let h be k(-2). Let l(j) = -j**2 + 4*j + 3. Calculate l(h).
3
Let p(c) = c + 3. Let l(t) = -2*t - 3. Let f(d) = -4*l(d) - 6*p(d). Determine f(6).
6
Let z(x) = x**2 - 3*x + 3. Let y(q) = 4 + 2 + 3 - q - 1. Let d be y(4). What is z(d)?
7
Let z(k) be the first derivative of -k**4/4 + 8*k**3/3 - 7*k**2/2 - 5*k - 18. What is z(7)?
-5
Let t(l) be the third derivative of -2/3*l**3 - 1/8*l**4 - 1/60*l**5 + 0 + 5*l**2 + 0*l. Let b be ((-2)/(-3))/((-2)/12). Determine t(b).
-8
Let t = 11 + -11. Suppose -y - 1 + 0 = t. Let o(g) = -6*g**2 - 1. Determine o(y).
-7
Let a(b) be the second derivative of 5*b + 0 - 1/3*b**3 + 3*b**2. Give a(4).
-2
Let m(s) = -2*s + 1. Let h = 0 - -1. Let c be m(h). Let l(z) = 6*z + 1. Give l(c).
-5
Suppose -p - 2 = -6. Let k(y) = -y**3 + 5*y**2 - 4*y - 2. Calculate k(p).
-2
Let c(u) = -8*u + 3. Let p be c(2). Suppose -2*s + 3 = -13. Let j = s + p. Let d(m) = -m - 10. Give d(j).
-5
Let v be 36/20 - 3/(-15). Let m(q) be the second derivative of 0 - 1/3*q**3 + q + 3*q**v. Give m(4).
-2
Suppose 3*p + 0*p - 4*v - 13 = 0, p - 5*v = 19. Let o(s) = -s**3 - s**2 - s. Determine o(p).
1
Suppose 0 = 2*z - 10, -x + 3*z - 19 = -0*x. Let n(c) = c**3 - 2*c**2 - 5*c - 10. Let o(g) = g**3 - g**2 - 4*g - 9. Let b(q) = -5*n(q) + 6*o(q). What is b(x)?
-8
Let m(s) be the third derivative of s**5/30 + s**4/12 - 5*s**2. Let v be m(-2). Let t(f) = -f**3 + 3*f**2 + f + 2. Calculate t(v).
-10
Let c(s) be the third derivative of -s**6/720 + s**5/60 - s**4/12 + 3*s**2. Let g(n) be the second derivative of c(n). What is g(2)?
0
Let g(v) be the second derivative of -v**5/20 + v**4/4 + v**3/3 - v**2 - 34*v. Determine g(3).
4
Let i(v) = v**3 - 4*v**2 - 6*v + 5. Let g be i(5). Let y(u) = -u**2 - 1. Calculate y(g).
-1
Let l(w) be the first derivative of 5*w**2/2 - 2*w + 5. Let m(c) = c - 9. Let h be m(7). Give l(h).
-12
Let u(l) = l**3 - 3*l**2 + 2*l - 2. Let n be u(2). Let r be (2 + -3)*1*n. Let j(m) = -2*m + 2 - m - 2*m - m**r. Calculate j(-5).
2
Let g(b) = 19 - 4*b + 17 - 36. Suppose f - 9 = -2*f. Let j be f/(6/8) + -2. Calculate g(j).
-8
Let k(q) = -2*q. Suppose 3*x = -d - 2, 5*d - 4*x - 8 = -x. Suppose p + a = -d, 3*p = -a + 3*a + 12. Calculate k(p).
-4
Let u(j) be the third derivative of -j**5/60 + j**4/6 - 2*j**3/3 + 13*j**2. Determine u(4).
-4
Let n(a) = -a. Let t be n(0). Suppose 0 = s + r - 4, 5*s + 7*r - 4*r - 20 = t. Suppose -m - s + 0 = 0. Let j(v) = v**2 + 5*v - 3. Give j(m).
-7
Let q(k) = -7*k - 8 + 0*k**3 + 2*k**2 + 7*k**2 - k**3 - k**2. What is q(7)?
-8
Let t(l) = -l**2 + 4*l + 7. Let s be (-2 - 3 - 0)/(-1). Let k = 10 - s. Determine t(k).
2
Let x(k) be the second derivative of -k**5/20 + k**4/2 - k**3 + k**2 - 4*k. Give x(5).
-3
Let w = 308 - 305. Let i(p) be the f